 - (1 + -3) - (-275 - -271).
-14
Evaluate -436 - -449 - (18 - 0).
-5
56 - 52 - (1 - (-4 - -2)) - 11
-10
What is (3 - 11) + -254 + 243?
-19
Evaluate 13 + 16 - (11 + 5).
13
What is the value of -1 - (-1 - (-1 - -1)) - (116 - 129)?
13
Evaluate 3 + -11 + 12 + (-5 - -14).
13
What is the value of 15 - (-18 - 2 - -28)?
7
What is the value of (19 - (-12 + 17) - 19) + 3?
-2
What is (-76 - -3) + 67 + -26?
-32
What is 5 + (-1 + -1 + 3 + -5 - -12)?
13
What is the value of -6 + (-6 + 3 + -7 - (15 + -23))?
-8
What is the value of 7 - ((-39 - -36) + -22)?
32
Calculate (-8 - (-1 + 7 + -18)) + 8.
12
Evaluate -1 - -10 - (11 - (-4 - -11)).
5
What is 13 + 2 + (-3 - 8 - -5) + -2?
7
Evaluate (0 - -2) + 24 + (10 - 43).
-7
(25 + -9 - (9 + 1)) + -4
2
Evaluate 7 + (-13 - (12 - 10) - -8) + -12.
-12
What is the value of 17 - ((-31 - -31) + (0 - -8))?
9
Evaluate -57 + 98 + -33 + -32.
-24
Evaluate -18 - (-28 - (6 - 18)).
-2
Calculate 22 - -1 - (1 - -16).
6
Calculate 8 + 3 + (2 - 7) - (11 + 1).
-6
Calculate -1 - (10 + -3 - (-1 + -1)) - 3.
-13
What is the value of -5 + 4 + (-4 - -3) + 0 - -16?
14
Calculate -72 + -8 + 38 + 25.
-17
(-4 - (4 + -9) - 2) + 1 + -2
-2
What is the value of 11 + -2 + -11 + 2 + 13?
13
What is the value of -2 + (16 + -16 - -9)?
7
Calculate 1 - 1 - (-4 + -13 + (20 - 11)).
8
What is -29 + (19 - -1 - 2)?
-11
Calculate (3 - ((-2 - (-3 - -2)) + 25)) + -1.
-22
Evaluate -5 + (3 - (-2 - 2)).
2
Evaluate 186 + -197 + (-1 - 6).
-18
What is 67 + -72 - (-13 + -1) - 8?
1
-12 + 25 + -18 + 8
3
What is -28 - (12 + -12 + -2 + -8)?
-18
Calculate -21 - (-13 + -73 + 40).
25
Evaluate -2 - (-14 - -22) - -15.
5
What is the value of (24 - 33) + (0 + -3 - -8)?
-4
What is the value of 2 + 1 - (15 - (-31 + 48))?
5
What is the value of (-1 - 0) + -1 - (-290 - -288)?
0
-14 - 4 - (5 + -13)
-10
Evaluate 114 + -96 - (21 - 2).
-1
Evaluate 3 + -5 - -10 - (-19 + 26).
1
What is the value of (-33 - 14) + -4 + 36?
-15
What is the value of (1 - 2) + -2 + -15 + 17 + -6?
-7
What is (-1 - 28) + -2 + 20?
-11
What is the value of 9 - -2 - (0 - -4)?
7
What is the value of 9 + -13 + (-13 - 0) + 2?
-15
(-159 - -172) + (-1 - -9) + -11
10
What is -1 + (-35 - -36) + (-18 - 0)?
-18
Calculate -5 - (-2 + 15 + -16).
-2
What is -9 - -6 - (-7 + 10 + -11)?
5
Calculate 4 - -7 - (-19 + 20).
10
Evaluate (-2 - 6) + 100 + -86.
6
What is the value of 0 + 10 + -6 + -21 + 4?
-13
What is the value of -37 + 59 - 28 - -26?
20
Calculate -13 + 6 - (-1 - 0 - (0 + 26)).
20
Evaluate (47 - (21 - -14)) + -36.
-24
Calculate 5 + 0 + -9 + (41 - 33).
4
Evaluate -3 - (-6 - (-17 - -19)).
5
Evaluate 57 + (-15 + -23 - -10).
29
Calculate 42 + -21 + 14 + -10.
25
What is the value of -27 + 2 - (-21 - (0 + (3 - 13)))?
-14
What is the value of (-26 - (-21 + 15)) + (-3 - (1 + 1))?
-25
What is -2 - (-11 - (-33 + 51))?
27
-3 - (11 - -1) - -6
-9
Calculate 13 - (-16 + 16 - -34).
-21
What is the value of -6 + 37 - 8 - 11?
12
What is the value of (960 - 936) + 0 + -23?
1
Calculate 53 - ((21 - -22) + -23).
33
Evaluate (-2 - -6) + -5 + 2 + 19 + -5.
15
What is the value of (-19 - -12) + (3 - (-4 + 5))?
-5
What is the value of -13 + 38 + -15 + -15?
-5
What is -1324 - -1343 - (4 - (1 + 0))?
16
What is the value of 0 + (0 - 0) + -162 + 92 + 34?
-36
What is the value of -4 + -15 + -1 - -16?
-4
Evaluate -16 + 1 + (56 - 60).
-19
What is (28 - 18 - 23) + (2 - -4)?
-7
What is -6 + (-31 - -21) + (4 - (4 + -5))?
-11
Evaluate (8 - -3 - -10) + -36.
-15
What is the value of -32 + 89 + -51 - (1 + -5)?
10
-24 + -20 + 35 - -12
3
Evaluate -13 + (-8 - (-50 - -5)).
24
Calculate -58 + 26 + -21 + 27.
-26
What is the value of ((-7 - -6) + -1 - -2) + 12?
12
What is the value of -3 - -7 - ((0 - -4) + (10 - 2))?
-8
(-21 - 3) + 19 - 15
-20
Calculate (-12 - ((-4 - 2) + 5)) + 11.
0
What is the value of -1 + 2 + -1 + -2 + -19 + 5?
-16
(5 - 2) + 63 + -51 - (6 - -1)
8
What is the value of (-10 - (3 - -1)) + -3 + 10?
-7
Calculate -16 + 11 + (-17 + -17 - -11).
-28
Evaluate 0 + (41 - (26 - 7)).
22
Evaluate 1 - (10 - (-6 - (-3 - 6))).
-6
What is -11 - (-28 + 35 + -2)?
-16
What is the value of 49 + -56 + (1 - -2)?
-4
Calculate -77 - (32 - 63) - -32.
-14
Calculate -16 + (-25 - (-18 + 11)).
-34
-4 + (-7 - -7 - (8 + 6 + -5))
-13
Evaluate -1 + 0 - (-72 + 80) - -3.
-6
What is the value of 2 + 0 - ((-100 - -98) + -1 + 1)?
4
(-7 + 9 + -6 + 2 - -6) + 5
9
Calculate (-106 - -108) + (-7 - 0).
-5
What is -22 - (22 - 2 - 23)?
-19
Calculate 10 + 3 + -9 + (-20 - (-1 - -8)).
-23
Evaluate -2 + ((7 - 2) + -8 - -11).
6
What is the value of 4 - ((8 - -9) + -24)?
11
Evaluate 8 + -4 + -3 + (-7 - -1) - 7.
-12
(25 - 50) + 25 - (1 + -11)
10
What is 11 + (-15 - -10 - 14) + (-18 - 1)?
-27
What is the value of -2 + -2 + 7 + -1 + (0 - -2)?
4
What is the value of (110 - 99) + 1 + -3?
9
(-32 - (-1 + 1)) + -41 + 111 + -65
-27
Evaluate -1 - (0 - (-5 + 4) - (-3 + -3)).
-8
Calculate -3 + 9 - 0 - (5 - -6).
-5
What is the value of (8 - 6) + -24 - (40 + -35)?
-27
(0 - 6) + (45 - 28)
11
-5 - (-7 + (-6 - -6 - -4))
-2
17 - (-8 + 57 + -28)
-4
What is the value of -10 - 8 - -4 - -14?
0
What is the value of (-9 - 1) + 16 + -12 - -19?
13
What is the value of -2 + 27 - 21 - (-5 + 2 + 0)?
7
Evaluate 6 + -12 + 1 - 5.
-10
What is -15 + (4 - -15) - -1?
5
Evaluate (-2 - -8) + 463 + -453.
16
Evaluate 6 + -2 + (1 - 1 - (8 - 10)).
6
Evaluate 9 + -4 + (-5 - -2).
2
Calculate 6 - (24 - (-1 - (-9 - -1))).
-11
Calculate (1 - (1 + -3) - -10) + (133 - 134).
12
What is 12 + -30 + -12 + 28?
-2
What is the value of -56 - -56 - (-4 + 0 + -5)?
9
What is the value of 2 + 4 + -3 - (16 - 22)?
9
Calculate 4 + (-8 - -8) + (9 - (12 + 8)).
-7
Calculate 5 + 2 + (4 - -3) + -17.
-3
Evaluate 8 + (-1 - -2) + -30 + 26.
5
60 + -84 - (-16 + 0 + 2)
-10
What is (10 - -2) + 0 + -24?
-12
Calculate -2 + -15 + (-27 - -30) + 3.
-11
Calculate -278 + 255 - (-1 - 2).
-20
What is 50 - (-24 + 79) - (1 + 0 + 18)?
-24
(11 + -18 - -18) + 8
19
Calculate 2 - 17 - -16 - 6.
-5
Calculate -18 + (19 - (13 - 2)) + 38.
28
Evaluate (-15 + (-3 - 6) - -1) + (-3 - -11).
-15
What is the value of (8 - -4) + -22 + -6 + 1?
-15
-18 + (-13 - -4 - -23)
-4
11 + (12 - (18 - -12))
-7
What is the value of -43 - (-5 - -3) - (-37 + 25)?
-29
Evaluate 1 + (6 - -10) - (13 + -5).
9
Calculate 2 + -6 - -6 - (2 + -9).
9
What is the value of (-6 - (-37 + 6)) + (-75 - -62)?
12
Calculate (0 - 13 - (39 + -41)) + 1.
-10
What is the value of (-15 - 5 - -20) + 17?
17
Calculate -14 - (24 + 29 + -46).
-21
Calculate -4 + -3 + (8 - ((-7 - 0) + 32)).
-24
Evaluate -6 + -1 - (1 + (-4 - -5 - -1)).
-10
Evaluate 0 + -11 - (3 + -16).
2
Evaluate 1 - (12 + -31) - (17 + -32).
35
What is (-23 - (-31 + 22)) + -3?
-17
What is 17 - (-7 + -15 - -56)?
-17
Calculate 7 + -14 + (1 - -2 - 2).
-6
-43 - (28 + -25 + -25)
-21
Calculate -1 + (-16 - -10) - -7.
0
What is -7 - (-14 + 7 - (8 + -8))?
0
What is 0 - (1 - ((-35 - 10) + 18))?
-28
0 + (19 - 22) + -5
-8
Evaluate 16 - 14 - (3 - (0 + 1)) - -1.
1
What is the value of 6 + -10 + 15 + -16?
-5
Evaluate (-7 - -6) + -12 + 7.
-6
What is the value of 23 - 27 - (-1 + 1 + -2 - 0)?
-2
Evaluate 10 + -20 - -5 - 0.
-5
Evaluate 29 + (-13 + 14 - 27).
3
(14 - (8 - 12)) + -10 - 6 - 34
-32
(12 - 4) + 18 + (-10 - 15)
1
Evaluate 0 + (0 - 20 - -12).
-8
(-1 + (10 - -1) + -17 - -19) + 3
15
Evaluate 6 - ((8 - 3 - 2) + -11 + 8).
6
What is the value of 9 - (-12 + 7 + 0 - -5)?
9
What is -1 + -30 - (1601 + -1633)?
1
Evaluate (-14 - (4 - 8)) + (-8 - -5) + 7.
-6
What is the value of -7 - -13 - (0 + 2) - (18 + -9)?
-5
Calculate -1404 + 1402 + 19 + -1 + 0.
16
-4 + (-2 + 16 - 4) - (-4 + -1)
11
What is -17 + (13 - (-4 + 5))?
-5
What is 28 + (9 - (13 - 28 - -31))?
21
Evaluate (-7 - (-1 - (0 + -1))) + (-18 - -17).
-8
What is the value of 5 - -4 - (34 + (21 - 41))?
-5
(1 - -1) + 193 + -186
9
What is -54 - (-29 + 4) - -16?
-13
What is the value of 46 - (10 + 33 + -34)?
37
What is -14 + -10 + 25 - -19?
20
Calculate (-5 - -7) + -3 + (7 - (-4 - -8)).
2
What is the value of 2 + -5 + (3 + -9 - (-28 + 10))?
9
What is the value of -62 + 38 - -13 - (-4 - -1)?
-8
What is the value of (7 + -12 + 4 - 7) + -5 - -2?
-11
What is the value of 9 + 2 + 0 + 47 + -30 + -9?
19
Evaluate (-4 + -5 + 32 - -6) + -2 + 3.
30
What is -6 + -10 + 4 + (-8 - -9)?
-11
What is the value of -21 + 7 + (8 - 7) + 0?
-13
Calculate 5 - -2 - (26 + -6 + (-9 - -3)).
-7